 + 20 = -2*i. Calculate the remainder when 53 is divided by 240/(-90)*42/i.
11
Let n = -4483 + 4532. Calculate the remainder when 126 is divided by n.
28
Let y(v) = 5*v**2 - v - 20. Let j = 25 - 168. Let g = -148 - j. Calculate the remainder when y(g) is divided by 16.
14
Let t be (-4*(-3)/36)/(8/(-2424)). Let v = t - -136. Calculate the remainder when v is divided by 12.
11
Suppose 3*j - 2*m = 91, -12 = -44*m + 41*m. What is the remainder when 178 is divided by j?
13
Suppose x - 12*x + 66 = 0. What is the remainder when 65 is divided by ((-21)/x)/(18/(-72))?
9
Let s(v) = -8*v**2 - 104*v + 94. What is the remainder when s(-8) is divided by 18?
0
Let h(w) = 2*w**2 - 63 - 64 + 131 - 2*w. Let s be h(0). Let i = s - -6. Calculate the remainder when i is divided by 4.
2
Let n(o) = o**3 + 35*o**2 - 3*o - 78. Calculate the remainder when 1564 is divided by n(-35).
25
Let g = 67039 + 6748. Calculate the remainder when g is divided by 47.
44
Let x = -167 + 282. Let t(v) = -102*v**3 - 6*v**2 + 16*v - 17. Let h be t(2). Let m = -796 - h. What is the remainder when x is divided by m?
28
Let s(j) = -j**2 - 9*j - 2. Let d = 858 - 764. Calculate the remainder when d is divided by s(-6).
14
Suppose 999 = -3*z + 1026. Suppose 33 - z = 3*u. Calculate the remainder when 77 is divided by u.
5
Suppose -42*f + 46*f = 8912. What is the remainder when f is divided by 124?
120
Let h = -23054 - -23076. What is the remainder when 13682 is divided by h?
20
Suppose -1995*p + 135 = -1992*p. Suppose 5*o = -4*x + 283, -4*o - 71 = -2*x + 77. Suppose z = -2*z + x. What is the remainder when p is divided by z?
21
Suppose 122 + 31 = -h - 2*x, -4*h = 2*x + 624. Let a = h + 161. Calculate the remainder when ((-5)/10)/(2/(-24)) is divided by a.
2
Let y be ((20/(-15))/2)/((-2)/12). Suppose 4*j + 16 = -x, -4*j = -x - y*x + 40. Suppose -x*m + 62 = -3*m. What is the remainder when m is divided by 9?
8
Let v = 14 + -14. Suppose 5*c + 5*a = 575, v = -3*c + 2*a + a + 315. Suppose -9*n = -4*n - c. What is the remainder when n is divided by 13?
9
Let s(c) = -2*c**3 - 12*c**2 - 16*c + 17. Calculate the remainder when s(-7) is divided by 33.
29
Suppose -5*d - 24 = 4*s, 0 = -d - 4*s - 8 - 0. Let c(g) = -g**3 - 3*g**2 + g + 2. Calculate the remainder when 94 is divided by c(d).
10
What is the remainder when 3*(-23)/(483/(-5614)) is divided by 34?
20
Calculate the remainder when (-8 + ((-27432)/42)/(-6))*7 is divided by 145.
126
Suppose -18527 = -59*n - 5193. What is the remainder when 2256 is divided by n?
222
Suppose -5 = 3*x + 5*g - 35, -4*x + 45 = 5*g. Calculate the remainder when 146 is divided by x.
11
Let o = -40 + 139. Let d = o - 70. Suppose -23*f - 55 = -28*f. What is the remainder when d is divided by f?
7
Let b = 2874 - 2867. What is the remainder when 4/(-16) + 2785/20 is divided by b?
6
Suppose -n + 2*k + 6 = -4, 2*n - k = 8. Let h(l) = 2*l**2 + 5*l - 1. Let c be h(n). What is the remainder when (-12 + c)/(2/10) is divided by 9?
7
Suppose -5*p + 3*p = -32. Suppose -464*d + 12957 = 153*d. What is the remainder when d is divided by p?
5
Let v = 56 + -15. Suppose 2*z - 33 = 3*f, 0 = 2*z + f + 4*f - v. Calculate the remainder when 61 is divided by z.
7
Let v = 28508 - 28499. What is the remainder when 815 is divided by v?
5
Let n be (-38)/(-5) - (-21)/(-35). Suppose -36 = n*c - 120. Let g = 38 - 15. Calculate the remainder when g is divided by c.
11
Let w = 592 - -986. Suppose 149*s = 155*s - w. Calculate the remainder when s is divided by 44.
43
Suppose 4*z = -4*s - 0*z + 1000, -3*s = 2*z - 748. Suppose -s*o = -230*o - 10062. Calculate the remainder when o is divided by 17.
15
Suppose -5*v = -y + 32, -y = -3*v - 6 - 16. Let t(i) = i**3 + 7*i**2 - 21*i - 4. Let c be (-1)/(-8)*4*-18. What is the remainder when t(c) is divided by y?
2
Let m = 324 - 48. Suppose -104 - m = -10*c. Calculate the remainder when 124 is divided by c.
10
Let q(z) = 20*z + 184. Let l be q(-9). Suppose -101 = -t - 2*r, -5*t + 0*r + 529 = l*r. Calculate the remainder when t is divided by 17.
7
Calculate the remainder when 345*(((-102)/(-9))/(-2) + (-36 - -42)) is divided by 515/15 - (-4)/6.
10
Suppose 0 = -4*m + 4*t - 36, -2*m - 3*t + 4 = 42. Let o = 63 + m. Let w = -3 + 20. What is the remainder when o is divided by w?
16
Suppose 428 = 3*l - 3*h - 826, -h = -5*l + 2118. Calculate the remainder when 2136 is divided by l.
11
Suppose -4*a - 155*t = -157*t - 118, 5*t = 11*a - 318. Let i(l) = 1 + 59*l**3 + 0 + 27*l**3. What is the remainder when i(1) is divided by a?
18
Let d(j) = 2*j**3 - 86*j**2 + 16*j - 504. Calculate the remainder when d(43) is divided by 12.
4
Suppose 6 = -3*q + 15. Suppose -q*p + 60 + 213 = 0. Let o = 15 + 8. What is the remainder when p is divided by o?
22
What is the remainder when 17/((-17)/(-2))*(-7343)/(-14) is divided by 21?
20
Suppose 2*j + 98 = 2*d, 3*d - 141 = 12*j - 11*j. Let l(b) = -b**3 + 4*b**2 + 4*b - 3. What is the remainder when d is divided by l(4)?
7
Let m = -2304 - -2319. What is the remainder when 32 - (-1)/(3/(-9)) is divided by m?
14
Let n = -1292 + 1413. Calculate the remainder when 602 is divided by n.
118
Let q(b) = 530*b - 5468. Calculate the remainder when q(11) is divided by 330.
32
Let o = 63 - 22. Suppose 4*r - o = 19. What is the remainder when (36/48)/(6/8) + 51 is divided by r?
7
Let s be (-20)/110 - 1255/55. Let w(a) = -6*a - 101. Calculate the remainder when 100 is divided by w(s).
26
Suppose 2*f + 228 = 2*c, -13*c + 15*c = f + 229. Let r(b) = b**3 + 11*b**2 - b - 2. Calculate the remainder when c is divided by r(-11).
7
Let j(p) = -12*p**2 + 6*p**2 - 13 - 14*p**3 + 13*p**3 - 6*p**2. Let i be j(-13). Let n = i - 74. What is the remainder when n is divided by 12?
10
Let o = 452 + -448. Suppose 66 - 134 = -o*f. Calculate the remainder when 165 is divided by f.
12
Let b(s) = -s**3 - 14*s**2 - 30*s + 41. Let m be b(-11). Suppose -71 = -m*t + 129. Calculate the remainder when 98 is divided by t.
23
Let k = 40 + -25. What is the remainder when 2/(-10) + (3820/225 - (-26)/117) is divided by k?
2
Suppose s - 10 + 4 = 0. Let z be 4 + -5 + -3 - -2. Let j = 9 - z. Calculate the remainder when j is divided by s.
5
Let t(m) = m**2 - 6*m + 9. Let v be t(4). Let b be v/((3/21)/(2/2)). Suppose -b*k + 33 + 93 = 0. What is the remainder when k is divided by 5?
3
Let z be ((-20)/(-14))/(3/21). Let u(w) = 5*w - 23. Let x be u(z). Suppose -f - 3 = -x. Calculate the remainder when f is divided by 7.
3
Let z(m) = 18*m**3 - 3*m**2 + 177*m - 347. What is the remainder when 9729 is divided by z(2)?
138
What is the remainder when 0 + 4 - (-1349)/(-114)*-78 is divided by 915?
12
Let m = 25243 + -23773. What is the remainder when 1478 is divided by m?
8
Let j(c) = 2*c**2 + 10*c + 18. Suppose -4*f = -10 - 78. Let l = -34 + f. Calculate the remainder when j(l) is divided by 17.
16
Let a(u) = -u**3 + 43*u - 11. Let v be a(-9). Let p = v - 322. Calculate the remainder when 60 is divided by p.
6
Let b(v) = v**3 + 6*v**2 - 251*v + 87. What is the remainder when 5865 is divided by b(-19)?
160
Let p(z) = 235*z**2 + 18*z + 24. Calculate the remainder when p(-2) is divided by 458.
12
Suppose -4*b = -4*a + 496 - 148, 3*a - 263 = b. What is the remainder when a is divided by 11?
0
Let d = -597 + 600. Let j(u) = -41*u + 1. Let q(r) = 21*r. Let t(n) = -6*j(n) - 11*q(n). What is the remainder when t(d) is divided by 21?
18
Suppose -262*a + 1287 = -3691. Let l(d) be the first derivative of -9*d**2 + 2*d - 1. What is the remainder when l(-5) is divided by a?
16
Suppose 0 = -64*z + 69*z - 1590. Let o = z + -301. Calculate the remainder when 490 is divided by o.
14
Suppose 13*o + 3*o = 864. Suppose 327*z = 321*z + 120. Calculate the remainder when o is divided by z.
14
What is the remainder when (376/(-8) + 8)/((-1)/((-124)/(-12))) is divided by 57?
4
Suppose -b + 22 = -22. Calculate the remainder when b is divided by 28.
16
Let z(k) = 4*k - 10. Let l be z(6). Suppose 0 = -l*u + 231 + 511. Calculate the remainder when u is divided by 14.
11
Let w be 560/(-120)*(-3)/2. Suppose -498 = w*k - 13*k. Calculate the remainder when k is divided by 28.
27
Let u(v) = -6*v**2 + 8*v**2 - 9 - 5*v**2 - 29*v. Let g(o) = 2*o**2 + 15*o + 5. Let f(j) = 5*g(j) + 3*u(j). Calculate the remainder when f(14) is divided by 15.
1